{"id":17,"date":"2024-01-30T16:00:52","date_gmt":"2024-01-30T15:00:52","guid":{"rendered":"http:\/\/xn--soire-en-amoureux-etb.com\/?page_id=17"},"modified":"2024-02-01T14:45:06","modified_gmt":"2024-02-01T13:45:06","slug":"le-rubis","status":"publish","type":"page","link":"https:\/\/xn--soire-en-amoureux-etb.com\/index.php\/le-rubis\/","title":{"rendered":"Le Rubis"},"content":{"rendered":"\n<p>    Le Rubis est un Lodge de 100m\u00b2 d&rsquo;int\u00e9rieur et 80m\u00b2 de terrasse am\u00e9nag\u00e9e et fleuries en ext\u00e9rieur. Avec ses murs en pierre, sa chemin\u00e9e et quelques touches d&rsquo;un rouge glamour, vous succomberez \u00e0 son charme. <\/p>\n\n\n\n<p>    Son coin bar compos\u00e9 de la cave \u00e0 vins et de son bar \u00e0 bi\u00e8res sera satisfaire les amateurs, tout comme les novices. <em>La Carte des Nectars<\/em> avec ses conseils personnalis\u00e9s vous aidera \u00e0 faire votre choix&#8230;<\/p>\n\n\n\n<p>    Son coin salle \u00e0 manger, avec son lustre ancien surplombant une table ronde des plus cocooning sera l&rsquo;espace id\u00e9al pour vous retrouver en t\u00eate \u00e0 t\u00eate autour d&rsquo;un d\u00eener aux chandelles&#8230;.<\/p>\n\n\n\n<p>   Sa cuisine \u00e9quip\u00e9e vous permettra de vous concocter de bons petits plats, ou bien de juste r\u00e9chauffer un plat qui vous sera livr\u00e9 gr\u00e2ce \u00e0 <em>La Carte du Chef<\/em> ! Vous y trouverez: r\u00e9frig\u00e9rateur, lave vaisselle, \u00e9vier de style ancien, four, micro-ondes, grille pain, bouilloire, cafeti\u00e8re Dolce Gusto, tous les ustensiles et la vaisselle dont vous pourriez avoir besoin. <\/p>\n\n\n\n<p>    Envie d&rsquo;une tasse de th\u00e9 ou d&rsquo;une coupe de Champagne, profitez de notre espace salon et d\u00e9tente avec son fauteuil massant, son canap\u00e9 avec une t\u00e9l\u00e9vision poss\u00e9dant un large choix de programmes adapt\u00e9s \u00e0 vos envies. Pour les plus t\u00e9m\u00e9raires, essayez notre fauteuil tantra, joliment install\u00e9 sur sa peau de b\u00eate devant la chemin\u00e9e&#8230;<\/p>\n\n\n\n<p>    Sa chambre munie d&rsquo;un lit King-size et \u00e0 la d\u00e9coration des plus sensuelle et envoutante vous fera vivre une nuit innoubliable. Ses miroirs au plafond et ses jeux de lumi\u00e8res tamis\u00e9es (ou non) \u00e0 la couleur de votre choix, vous en mettront plein les yeux. Pour les plus fougueux, ou les nouveaux aventuriers&#8230;ouvrez la porte de l&rsquo;armoire et d\u00e9couvrez une gamme compl\u00e8te de sextoys et de produits intimes. Afin de pimenter votre exp\u00e9rience, soyez guid\u00e9s par <em>La Carte des plaisirs cach\u00e9s<\/em>&#8230;<\/p>\n\n\n\n<p>    Passez la baie vitr\u00e9e de la chambre, et d\u00e9couvrez notre espace baln\u00e9o enti\u00e8rement recouvert de pierre, aux lumi\u00e8res tamis\u00e9es, avec son spa 5 places de 2mx2m, sa douche \u00e0 l&rsquo;italienne XXL et ses petits savons naturels&#8230;<\/p>\n\n\n\n<p class=\"has-text-align-center\">Au plaisir de vous accueillir prochainement dans notre Lodge \u00ab\u00a0Le Rubis\u00a0\u00bb.<\/p>\n\n\n\n<figure class=\"wp-block-image aligncenter size-full is-resized\"><img loading=\"lazy\" decoding=\"async\" width=\"808\" height=\"806\" src=\"https:\/\/xn--soire-en-amoureux-etb.com\/wp-content\/uploads\/2024\/02\/logo-autre.png\" alt=\"\" class=\"wp-image-106\" style=\"width:206px;height:auto\" srcset=\"https:\/\/xn--soire-en-amoureux-etb.com\/wp-content\/uploads\/2024\/02\/logo-autre.png 808w, https:\/\/xn--soire-en-amoureux-etb.com\/wp-content\/uploads\/2024\/02\/logo-autre-300x300.png 300w, https:\/\/xn--soire-en-amoureux-etb.com\/wp-content\/uploads\/2024\/02\/logo-autre-150x150.png 150w, https:\/\/xn--soire-en-amoureux-etb.com\/wp-content\/uploads\/2024\/02\/logo-autre-768x766.png 768w\" sizes=\"auto, (max-width: 808px) 100vw, 808px\" \/><\/figure>\n\n\n\n<p class=\"has-text-align-right\"><strong>S&amp;G<\/strong><\/p>\n\n\n\n<p>  <\/p>\n","protected":false},"excerpt":{"rendered":"<p>Le Rubis est un Lodge de 100m\u00b2 d&rsquo;int\u00e9rieur et 80m\u00b2 de terrasse am\u00e9nag\u00e9e et fleuries en ext\u00e9rieur. Avec ses murs en pierre, sa chemin\u00e9e et quelques touches d&rsquo;un rouge glamour, vous succomberez \u00e0 son charme. Son coin bar compos\u00e9 de la cave \u00e0 vins et de son bar \u00e0 bi\u00e8res sera satisfaire les amateurs, tout [&hellip;]<\/p>\n","protected":false},"author":1,"featured_media":0,"parent":0,"menu_order":1,"comment_status":"closed","ping_status":"closed","template":"","meta":{"footnotes":""},"class_list":["post-17","page","type-page","status-publish","hentry"],"_links":{"self":[{"href":"https:\/\/xn--soire-en-amoureux-etb.com\/index.php\/wp-json\/wp\/v2\/pages\/17","targetHints":{"allow":["GET"]}}],"collection":[{"href":"https:\/\/xn--soire-en-amoureux-etb.com\/index.php\/wp-json\/wp\/v2\/pages"}],"about":[{"href":"https:\/\/xn--soire-en-amoureux-etb.com\/index.php\/wp-json\/wp\/v2\/types\/page"}],"author":[{"embeddable":true,"href":"https:\/\/xn--soire-en-amoureux-etb.com\/index.php\/wp-json\/wp\/v2\/users\/1"}],"replies":[{"embeddable":true,"href":"https:\/\/xn--soire-en-amoureux-etb.com\/index.php\/wp-json\/wp\/v2\/comments?post=17"}],"version-history":[{"count":8,"href":"https:\/\/xn--soire-en-amoureux-etb.com\/index.php\/wp-json\/wp\/v2\/pages\/17\/revisions"}],"predecessor-version":[{"id":107,"href":"https:\/\/xn--soire-en-amoureux-etb.com\/index.php\/wp-json\/wp\/v2\/pages\/17\/revisions\/107"}],"wp:attachment":[{"href":"https:\/\/xn--soire-en-amoureux-etb.com\/index.php\/wp-json\/wp\/v2\/media?parent=17"}],"curies":[{"name":"wp","href":"https:\/\/api.w.org\/{rel}","templated":true}]}}